[INFO] cloning repository https://github.com/dboone/rusty-build-light
[INFO] running `Command { std: "git" "-c" "credential.helper=" "-c" "credential.helper=/workspace/cargo-home/bin/git-credential-null" "clone" "--bare" "https://github.com/dboone/rusty-build-light" "/workspace/cache/git-repos/https%3A%2F%2Fgithub.com%2Fdboone%2Frusty-build-light", kill_on_drop: false }`
[INFO] [stderr] Cloning into bare repository '/workspace/cache/git-repos/https%3A%2F%2Fgithub.com%2Fdboone%2Frusty-build-light'...
[INFO] running `Command { std: "git" "rev-parse" "HEAD", kill_on_drop: false }`
[INFO] [stdout] d7cc830909e61c0453fe4862a785daf7d5d8c465
[INFO] building dboone/rusty-build-light against master#881c1ac408d93bb7adaa3a51dabab9266e82eee8 for issue-85264
[INFO] running `Command { std: "git" "clone" "/workspace/cache/git-repos/https%3A%2F%2Fgithub.com%2Fdboone%2Frusty-build-light" "/workspace/builds/worker-8/source", kill_on_drop: false }`
[INFO] [stderr] Cloning into '/workspace/builds/worker-8/source'...
[INFO] [stderr] done.
[INFO] validating manifest of git repo https://github.com/dboone/rusty-build-light on toolchain 881c1ac408d93bb7adaa3a51dabab9266e82eee8
[INFO] running `Command { std: "/workspace/cargo-home/bin/cargo" "+881c1ac408d93bb7adaa3a51dabab9266e82eee8" "metadata" "--manifest-path" "Cargo.toml" "--no-deps", kill_on_drop: false }`
[INFO] started tweaking git repo https://github.com/dboone/rusty-build-light
[INFO] finished tweaking git repo https://github.com/dboone/rusty-build-light
[INFO] tweaked toml for git repo https://github.com/dboone/rusty-build-light written to /workspace/builds/worker-8/source/Cargo.toml
[INFO] crate git repo https://github.com/dboone/rusty-build-light already has a lockfile, it will not be regenerated
[INFO] running `Command { std: "/workspace/cargo-home/bin/cargo" "+881c1ac408d93bb7adaa3a51dabab9266e82eee8" "fetch" "--manifest-path" "Cargo.toml", kill_on_drop: false }`
[INFO] [stderr]     Blocking waiting for file lock on package cache
[INFO] [stderr]  Downloading crates ...
[INFO] [stderr]   Downloaded num_cpus v0.2.11
[INFO] [stderr]   Downloaded uuid v0.1.18
[INFO] [stderr]   Downloaded rustc-serialize v0.3.18
[INFO] [stderr]   Downloaded cookie v0.2.2
[INFO] [stderr]   Downloaded num v0.1.31
[INFO] [stderr]   Downloaded serde_json v0.7.0
[INFO] [stderr]   Downloaded ioctl-rs v0.1.5
[INFO] [stderr]   Downloaded serde v0.7.0
[INFO] [stderr]   Downloaded quasi v0.8.0
[INFO] [stderr]   Downloaded iron v0.3.0
[INFO] [stderr] warning: parsed version requirement `0.2*` is no longer valid
[INFO] [stderr] 
[INFO] [stderr] Previous versions of Cargo accepted this malformed requirement,
[INFO] [stderr] but it is being deprecated. This was found when parsing the manifest
[INFO] [stderr] of iron 0.3.0, and the correct version requirement is `0.2.*`.
[INFO] [stderr] 
[INFO] [stderr] This will soon become a hard error, so it's either recommended to
[INFO] [stderr] update to a fixed version or contact the upstream maintainer about
[INFO] [stderr] this warning.
[INFO] [stderr] 
[INFO] [stderr]   Downloaded serde_codegen v0.7.1
[INFO] [stderr]   Downloaded serial v0.3.3
[INFO] [stderr]   Downloaded quasi_codegen v0.8.0
[INFO] [stderr]   Downloaded hyper v0.8.0
[INFO] [stderr]   Downloaded serde_macros v0.7.0
[INFO] [stderr]   Downloaded mime v0.2.0
[INFO] [stderr]   Downloaded aster v0.14.0
[INFO] [stderr]   Downloaded url v0.5.7
[INFO] [stderr] warning: TOML file found which contains invalid syntax and will soon not parse
[INFO] [stderr] at `/workspace/cargo-home/registry/src/github.com-1ecc6299db9ec823/url-0.5.7/Cargo.toml`.
[INFO] [stderr] 
[INFO] [stderr] The TOML spec requires newlines after table definitions (e.g., `[a] b = 1` is
[INFO] [stderr] invalid), but this file has a table header which does not have a newline after
[INFO] [stderr] it. A newline needs to be added and this warning will soon become a hard error
[INFO] [stderr] in the future.
[INFO] [stderr]   Downloaded quasi_macros v0.8.0
[INFO] [stderr]   Downloaded httparse v1.1.1
[INFO] running `Command { std: "docker" "create" "-v" "/var/lib/crater-agent-workspace/builds/worker-8/target:/opt/rustwide/target:rw,Z" "-v" "/var/lib/crater-agent-workspace/builds/worker-8/source:/opt/rustwide/workdir:ro,Z" "-v" "/var/lib/crater-agent-workspace/cargo-home:/opt/rustwide/cargo-home:ro,Z" "-v" "/var/lib/crater-agent-workspace/rustup-home:/opt/rustwide/rustup-home:ro,Z" "-e" "SOURCE_DIR=/opt/rustwide/workdir" "-e" "CARGO_TARGET_DIR=/opt/rustwide/target" "-e" "CARGO_HOME=/opt/rustwide/cargo-home" "-e" "RUSTUP_HOME=/opt/rustwide/rustup-home" "-w" "/opt/rustwide/workdir" "-m" "1610612736" "--user" "0:0" "--network" "none" "ghcr.io/rust-lang/crates-build-env/linux@sha256:20528e8c29e4536546f0102ce88568b16ea7538393a33fcca951030f7af10457" "/opt/rustwide/cargo-home/bin/cargo" "+881c1ac408d93bb7adaa3a51dabab9266e82eee8" "metadata" "--no-deps" "--format-version=1", kill_on_drop: false }`
[INFO] [stdout] 6007da5374b7894cadd47cf997a43578c1e96b36dae086cade5355cf5a3dded6
[INFO] [stderr] WARNING: Your kernel does not support swap limit capabilities or the cgroup is not mounted. Memory limited without swap.
[INFO] running `Command { std: "docker" "start" "-a" "6007da5374b7894cadd47cf997a43578c1e96b36dae086cade5355cf5a3dded6", kill_on_drop: false }`
[INFO] running `Command { std: "docker" "inspect" "6007da5374b7894cadd47cf997a43578c1e96b36dae086cade5355cf5a3dded6", kill_on_drop: false }`
[INFO] running `Command { std: "docker" "rm" "-f" "6007da5374b7894cadd47cf997a43578c1e96b36dae086cade5355cf5a3dded6", kill_on_drop: false }`
[INFO] [stdout] 6007da5374b7894cadd47cf997a43578c1e96b36dae086cade5355cf5a3dded6
[INFO] running `Command { std: "docker" "create" "-v" "/var/lib/crater-agent-workspace/builds/worker-8/target:/opt/rustwide/target:rw,Z" "-v" "/var/lib/crater-agent-workspace/builds/worker-8/source:/opt/rustwide/workdir:ro,Z" "-v" "/var/lib/crater-agent-workspace/cargo-home:/opt/rustwide/cargo-home:ro,Z" "-v" "/var/lib/crater-agent-workspace/rustup-home:/opt/rustwide/rustup-home:ro,Z" "-e" "SOURCE_DIR=/opt/rustwide/workdir" "-e" "CARGO_TARGET_DIR=/opt/rustwide/target" "-e" "CARGO_INCREMENTAL=0" "-e" "RUST_BACKTRACE=full" "-e" "RUSTFLAGS=--cap-lints=forbid" "-e" "CARGO_HOME=/opt/rustwide/cargo-home" "-e" "RUSTUP_HOME=/opt/rustwide/rustup-home" "-w" "/opt/rustwide/workdir" "-m" "1610612736" "--user" "0:0" "--network" "none" "ghcr.io/rust-lang/crates-build-env/linux@sha256:20528e8c29e4536546f0102ce88568b16ea7538393a33fcca951030f7af10457" "/opt/rustwide/cargo-home/bin/cargo" "+881c1ac408d93bb7adaa3a51dabab9266e82eee8" "build" "--frozen" "--message-format=json", kill_on_drop: false }`
[INFO] [stdout] 58f6c2121e9bc21b7dc1a46fdaed5ddd252414653842b34004814093ff7efd8f
[INFO] [stderr] WARNING: Your kernel does not support swap limit capabilities or the cgroup is not mounted. Memory limited without swap.
[INFO] running `Command { std: "docker" "start" "-a" "58f6c2121e9bc21b7dc1a46fdaed5ddd252414653842b34004814093ff7efd8f", kill_on_drop: false }`
[INFO] [stderr] warning: parsed version requirement `0.2*` is no longer valid
[INFO] [stderr] 
[INFO] [stderr] Previous versions of Cargo accepted this malformed requirement,
[INFO] [stderr] but it is being deprecated. This was found when parsing the manifest
[INFO] [stderr] of iron 0.3.0, and the correct version requirement is `0.2.*`.
[INFO] [stderr] 
[INFO] [stderr] This will soon become a hard error, so it's either recommended to
[INFO] [stderr] update to a fixed version or contact the upstream maintainer about
[INFO] [stderr] this warning.
[INFO] [stderr] 
[INFO] [stderr] warning: TOML file found which contains invalid syntax and will soon not parse
[INFO] [stderr] at `/opt/rustwide/cargo-home/registry/src/github.com-1ecc6299db9ec823/url-0.5.7/Cargo.toml`.
[INFO] [stderr] 
[INFO] [stderr] The TOML spec requires newlines after table definitions (e.g., `[a] b = 1` is
[INFO] [stderr] invalid), but this file has a table header which does not have a newline after
[INFO] [stderr] it. A newline needs to be added and this warning will soon become a hard error
[INFO] [stderr] in the future.
[INFO] [stderr]    Compiling libc v0.2.7
[INFO] [stderr]    Compiling rustc-serialize v0.3.18
[INFO] [stderr]    Compiling matches v0.1.2
[INFO] [stderr]    Compiling traitobject v0.0.3
[INFO] [stderr]    Compiling aster v0.14.0
[INFO] [stderr]    Compiling serde_codegen v0.7.1
[INFO] [stderr]    Compiling serde_macros v0.7.0
[INFO] [stderr]    Compiling traitobject v0.0.1
[INFO] [stderr]    Compiling quasi v0.8.0
[INFO] [stderr]    Compiling httparse v1.1.1
[INFO] [stderr]    Compiling serde v0.7.0
[INFO] [stderr]    Compiling lazy_static v0.1.15
[INFO] [stderr]    Compiling num v0.1.31
[INFO] [stderr]    Compiling kernel32-sys v0.2.1
[INFO] [stderr]    Compiling unicase v1.4.0
[INFO] [stdout] error[E0463]: can't find crate for `syntax`
[INFO] [stdout]   --> /opt/rustwide/cargo-home/registry/src/github.com-1ecc6299db9ec823/aster-0.14.0/src/lib.rs:10:1
[INFO] [stdout]    |
[INFO] [stdout] 10 | extern crate syntax;
[INFO] [stdout]    | ^^^^^^^^^^^^^^^^^^^^ can't find crate
[INFO] [stdout] 
[INFO] [stdout] 
[INFO] [stdout] error: aborting due to previous error
[INFO] [stdout] 
[INFO] [stdout] 
[INFO] [stdout] For more information about this error, try `rustc --explain E0463`.
[INFO] [stdout] 
[INFO] [stderr] error: could not compile `aster`
[INFO] [stderr] 
[INFO] [stderr] To learn more, run the command again with --verbose.
[INFO] [stderr] warning: build failed, waiting for other jobs to finish...
[INFO] [stdout] error[E0463]: can't find crate for `syntax`
[INFO] [stdout]   --> /opt/rustwide/cargo-home/registry/src/github.com-1ecc6299db9ec823/quasi-0.8.0/src/lib.rs:19:1
[INFO] [stdout]    |
[INFO] [stdout] 19 | extern crate syntax;
[INFO] [stdout]    | ^^^^^^^^^^^^^^^^^^^^ can't find crate
[INFO] [stdout] 
[INFO] [stdout] 
[INFO] [stdout] error: aborting due to previous error
[INFO] [stdout] 
[INFO] [stdout] 
[INFO] [stdout] For more information about this error, try `rustc --explain E0463`.
[INFO] [stdout] 
[INFO] [stdout] error[E0642]: patterns aren't allowed in functions without bodies
[INFO] [stdout]    --> /opt/rustwide/cargo-home/registry/src/github.com-1ecc6299db9ec823/rustc-serialize-0.3.18/src/serialize.rs:145:45
[INFO] [stdout]     |
[INFO] [stdout] 145 | ...                   &f_name: &str,
[INFO] [stdout]     |                       ^^^^^^^ pattern not allowed in function without body
[INFO] [stdout] 
[INFO] [stdout] 
[INFO] [stdout] error: aborting due to previous error
[INFO] [stdout] 
[INFO] [stdout] 
[INFO] [stdout] For more information about this error, try `rustc --explain E0642`.
[INFO] [stdout] 
[INFO] [stderr] error: build failed
[INFO] running `Command { std: "docker" "inspect" "58f6c2121e9bc21b7dc1a46fdaed5ddd252414653842b34004814093ff7efd8f", kill_on_drop: false }`
[INFO] running `Command { std: "docker" "rm" "-f" "58f6c2121e9bc21b7dc1a46fdaed5ddd252414653842b34004814093ff7efd8f", kill_on_drop: false }`
[INFO] [stdout] 58f6c2121e9bc21b7dc1a46fdaed5ddd252414653842b34004814093ff7efd8f
